t o be (1 + -1)/(-2) + 3. Suppose -5*w = -2*h - 17, -4*w - h = -o*h - 14. Is 3 a factor of w?
True
Let i(t) = 5*t + 2. Let g be i(3). Suppose -2*r + 5*r = -27. Let f = r + g. Does 8 divide f?
True
Let w = 20 + -8. Is (-7)/(-42) - (-166)/w a multiple of 6?
False
Let n(w) = -13*w**3 + 2*w**2 + w + 4. Does 12 divide n(-2)?
False
Let i(d) = d**2 - 7*d + 12. Is i(9) a multiple of 15?
True
Suppose -5*d + q + 81 = 3*q, -3*q = 2*d - 39. Suppose -43 = -4*u + 9. Let z = u + d. Does 14 divide z?
True
Suppose 4*k = -3*k + 98. Is k a multiple of 9?
False
Let r(o) = -33*o - 5. Let m be r(-4). Suppose 5*a + 3*d = 197, -3*a + m = -d + 5*d. Let u = a + 9. Is u a multiple of 14?
False
Let o(u) = -2*u**3 - 4*u**2 + 2. Suppose 5*p - 4*k + 31 = 0, -p = p - k + 10. Let b be o(p). Does 10 divide -1 + 3 - (2 - b)?
True
Let q(a) = -14*a + 2. Is q(-5) a multiple of 24?
True
Let s = 16 - -11. Suppose s = 4*r + 11. Is 4 a factor of r?
True
Let b(z) = -z**2 + 8*z + 8. Let s(r) = -r**2 - 6*r + 3. Let q be s(-6). Suppose -q*h - h = -28. Is b(h) a multiple of 15?
True
Suppose 5*m - 4*g + 20 = -0*m, 15 = -m + 3*g. Suppose u = -m + 2. Suppose u*p = 5*p - 42. Is 14 a factor of p?
True
Suppose -h = -2*h - 5, z - 50 = -2*h. Let r be (-1)/((-3)/z) - 1. Does 11 divide r - (-1)/2*-2?
False
Suppose -5*k + 0*k - g = 17, 2*g = 6. Is 25 a factor of (-872)/(-14) + k/14?
False
Let z = 84 - 43. Is 22 a factor of z?
False
Let k(f) = -39*f + 9. Does 27 divide k(-1)?
False
Suppose 53*h - 47*h - 702 = 0. Is h a multiple of 22?
False
Let t = 1 + 6. Suppose -8 = -5*x + t. Is 3 a factor of x?
True
Suppose 0*t - 2*t = -4*d - 10, -3*t = -2*d - 11. Let i be (-39)/(-4) + d/(-4). Is 238/i + 1/5 a multiple of 10?
False
Let x = -3 + -38. Let l = 10 - x. Does 31 divide l?
False
Suppose -24 = 2*q - 3*y, 0 = q - 6*q - 3*y - 60. Let i = -7 - q. Does 5 divide i?
True
Is 20/(-15)*(-3)/2 a multiple of 2?
True
Let m = -5 - -7. Suppose -g = m*r + 1 + 2, 5*g - 9 = -2*r. Suppose 6*f - 39 = g*f. Does 13 divide f?
True
Suppose -5*z + p + 30 = -148, -4*p = 4*z - 128. Is z a multiple of 20?
False
Let x = -52 + 81. Is x a multiple of 15?
False
Suppose 6 + 6 = -3*o. Let v(s) be the second derivative of -s**5/20 - s**4/6 - s**3/2 - 5*s**2/2 + 10*s. Is v(o) a multiple of 24?
False
Suppose -w - 3*w = 80. Is 6 a factor of (w/(-3))/((-8)/(-12))?
False
Suppose -5*q + 100 + 275 = 0. Is q a multiple of 49?
False
Suppose 0 = -4*y + 14 - 2. Let b = -5 + y. Does 12 divide -2*1*19/b?
False
Suppose -3*y - 5*i - 9 - 1 = 0, 10 = -2*i. Suppose 204 = y*z - z. Is z a multiple of 18?
False
Let c(g) = 5*g**2 + 7*g - 7. Let n be c(-6). Suppose -t - 3*t + n = -i, 0 = 4*i + 12. Does 16 divide t?
True
Let a = -1 - 5. Let y(j) = j**3 + 8*j**2 + 6*j - 5. Is 15 a factor of y(a)?
False
Let t = 16 - 12. Suppose 2*o - t*o + 18 = 0. Is o a multiple of 9?
True
Let y(k) = -k**3 + 2*k**2 + 5*k + 1. Let m be y(4). Suppose -5*a - 236 + 77 = -2*p, 4*p - 132 = 4*a. Let h = m - a. Does 16 divide h?
False
Suppose -2*t - 4*a + 7*a + 132 = 0, -2*t = a - 116. Is 30 a factor of t?
True
Let k be (4/(-8))/(2/(-16)). Suppose 0 = d - 3*d - 4*l - k, 2*l + 10 = d. Suppose d*f = 45 + 15. Does 8 divide f?
False
Suppose -16 = -5*t + 4*t. Suppose 2*a + 2*a - t = 0. Suppose 3*f + 0*f = -3*y + 48, 2*y + a*f = 34. Is 7 a factor of y?
False
Let l(m) = 8*m**2 + 1 - 3*m - 1 + m**3 - 6 + 0*m**2. Let y be l(-4). Suppose -20 - y = -5*r. Does 8 divide r?
False
Let k = -17 - -18. Suppose -2*y + k = -11. Is y a multiple of 5?
False
Let h(a) be the third derivative of -7*a**4/24 + 7*a**3/6 + a**2. Is 21 a factor of h(-5)?
True
Suppose 4*q = -0*q - 20. Let h be (-20)/6*12/q. Suppose 4*g - h = 2*g. Does 4 divide g?
True
Let j(h) = -h**3 - h + 4. Let v be j(0). Suppose v*o + 27 - 119 = 0. Is o a multiple of 16?
False
Let c(k) = -3*k + 4. Let d(f) = f**3 - 2*f**2 + f. Let w be d(1). Is 4 a factor of c(w)?
True
Let k = -106 - -137. Is k a multiple of 31?
True
Let d(l) = -36*l + 39. Let u(h) = -7*h + 8. Let b(c) = 5*d(c) - 24*u(c). Is 13 a factor of b(-4)?
False
Let c be (-1 + 87/3)/2. Does 11 divide (8/(-3))/(c/(-231))?
True
Let f = -7 + 2. Let q(g) = 2*g + 0*g + 4 + g**2 + g. Does 4 divide q(f)?
False
Let y(b) = -7*b**3 - 15*b**2 + 28*b - 41. Let n(r) = -3*r**3 - 8*r**2 + 14*r - 20. Let d(p) = 9*n(p) - 4*y(p). Is d(11) a multiple of 17?
True
Let x = -1 - -3. Suppose 0 = -g + x*g. Suppose g = -5*a + o + 61 - 15, -o = -4. Is a a multiple of 6?
False
Let b(a) = a**2 - 5*a - 2. Does 4 divide b(7)?
True
Let q(b) = 23*b**2 + 3*b + 3. Let l be q(-2). Suppose 0 = 5*j - l - 41. Is 13 a factor of j?
True
Suppose 7*u - 3*u = 4*a + 124, u = 2*a + 33. Let j be -4*1 - (-5 - -1). Suppose j*r = r - u. Is r a multiple of 11?
False
Suppose -3*q + c = -41 - 34, -q - 5*c + 9 = 0. Is 12 a factor of q?
True
Let j = 2 - 0. Suppose 1 = j*m + 3*s, 2 = m + 2*m + 4*s. Suppose m = f - 14. Does 8 divide f?
True
Let a = 5 - 1. Suppose 2*j - 3*j = -a. Does 3 divide j?
False
Suppose -93 = -21*s + 18*s. Is 15 a factor of s?
False
Suppose 0*f = 4*f - 40. Let w(p) = -p**2 + 12*p + 12. Is 12 a factor of w(f)?
False
Suppose 8*d = 3*d + 140. Is d a multiple of 7?
True
Let n(b) = -3*b**3 - 3*b**2 + 3*b. Is n(-3) a multiple of 9?
True
Let p(w) be the third derivative of w**5/60 + w**4/3 + 3*w**3/2 + 2*w**2. Is 6 a factor of p(-9)?
True
Let b(h) = h**2 - 6*h + 12. Let c be b(5). Let q = c - -20. Is 9 a factor of q?
True
Let s = -30 - -42. Does 12 divide s?
True
Let b(s) = 3*s - 19. Does 8 divide b(17)?
True
Let o be 0 + (-1 - 23)/4. Let d = o + 10. Is d even?
True
Suppose 3*d - 4*t = 10, 5*t - t = 5*d - 14. Suppose -2*u + u + 5 = 3*l, 0 = -2*u + 4*l. Suppose f = -d*h + 24, 7*h + 4*f = u*h + 54. Does 12 divide h?
False
Suppose 0 = c + s + 18, -2*c + 5*s = c + 70. Let z = -14 - c. Does 3 divide z?
True
Suppose 3*k - 180 = -3*a, a + a - 2*k - 136 = 0. Is a a multiple of 9?
False
Let q(f) = -12*f**2 + 5*f - 4. Let r be q(3). Let v = -68 - r. Is v a multiple of 15?
False
Let z(r) = -148*r + 1. Is z(-1) a multiple of 29?
False
Let z = -30 - -58. Suppose 3*h - z = h. Does 14 divide h?
True
Let h(a) = a - 1. Let r be h(3). Suppose 0 = 4*y + 3*b + 55, r*y + 2*b - 1 + 29 = 0. Let g = y + 50. Does 16 divide g?
False
Suppose -197 = -3*q - 2*o, -4*q + 44 + 217 = o. Is q a multiple of 12?
False
Let v(n) = -n**2 + 14*n + 2. Does 5 divide v(13)?
True
Does 7 divide 54/4*140/30?
True
Suppose -31 = -3*d + 11. Let s(p) = -2*p**3 + 13*p**2 + 7*p + 2. Let x be s(7). Is 7 a factor of (d/(-4))/(x/(-4))?
True
Let p(s) = s**3 + 11*s**2 + 9*s - 8. Suppose -5*j - 19 = 31. Let i be p(j). Suppose 80 = 2*g + i*g. Is 10 a factor of g?
True
Let c be ((-6)/(-10))/((-4)/20). Let t(i) = i**3 + 4*i**2 - i - 1. Does 11 divide t(c)?
True
Suppose 0 = 5*j + 50 + 5. Let t = j + 7. Is (42/t)/(6/(-24)) a multiple of 14?
True
Suppose z - 3 = -m, 0*z = -m - 5*z - 5. Suppose 167 - 62 = -m*c. Is 8 a factor of c*1*6/(-9)?
False
Let k be 2 + 0 - 24/3. Let v be k/(-4 - (-2 - 0)). Let t(f) = 3*f - 3. Is t(v) a multiple of 3?
True
Suppose 3*o = 2*o + p + 29, -26 = -o - 2*p. Suppose 2*g = d + 877, -7*g + 5*d = -3*g - 1745. Is 16 a factor of (-2)/(-7) + g/o?
True
Let g be ((-36)/24)/((-6)/104). Let z(m) = -3*m**3 - m**2 - m. Let k be z(-1). Suppose 2*u + g = k*u. Does 20 divide u?
False
Let g(b) = -b**3 + 17*b**2 - 22*b + 16. Is 17 a factor of g(15)?
True
Let z(x) = -120*x**3 - x. Is 11 a factor of z(-1)?
True
Suppose 17*l = 11*l + 252. Does 7 divide l?
True
Suppose -v + 2*v = 2*w - 43, 5*v = -4*w + 79. Let i = w - 14. Does 4 divide i?
False
Suppose -7*a + 25 = -2*a. Is 3 a factor of a?
False
Is (-6)/(-57) - 4269/(-57) a multiple of 25?
True
Suppose -3*q + 241 = -j + 2*j, -8 = -2*j. Let v = -43 + q. Is 18 a factor of v?
True
Let b(m) = 6*m**2. Let j be b(1). Does 15 divide (-10)/(((-10)/j)/5)?
True
Suppose 0 = -2*s + 5*f + 20, -s + f + 13 = -3*f. Let x(v) = 5*v - 3*v + v + s*v**2. Is x(-3) a multiple of 18?
True
Is 22 a factor of 74 + 4/8*4?
False
Suppose -6*m + 262 - 10 = 0. Does 10 divide m?
False
Suppose -4*l + 8 = 3*v, -1 - 1 = -l - 2*v. Suppose -l*x = -3*x + 46. Suppose 5*i + 8 + 7 = 0, 2*i = 5*n - x. Does 4 divide n?
True
Let r(v) = -15*v - 8. Let s(k) = k - 2 - 2 - 8*k. Let x(t) = 6*r(t) - 13*s(t). Is x(7) a multiple of 4?
False
Let w(o) be the first derivative of -o**4/4